 24. Let j be i(6). Suppose 0 = -5*b + j*b - 60. List the prime factors of b.
2, 3, 5
What are the prime factors of (-5)/((-90)/474) + (-1)/3?
2, 13
Suppose -5*b = -8*b - 3*d + 3510, -3*b + 3*d = -3516. What are the prime factors of b?
1171
Let m be (-15)/5*148/12. Let t = -70 - m. Let n = t - -104. List the prime factors of n.
71
Let z(f) = 2*f**2 - 20*f - 13. List the prime factors of z(17).
3, 5
Suppose -4*o = 2*j - 2527 - 1139, o = -3*j + 909. List the prime factors of o/8 + (-5 - (-17)/4).
2, 3, 19
Suppose v = 4*u - 7, -u = -6*u + 5. Let z be 0/(v/(-2 + -1)). What are the prime factors of ((-3 - -6) + z)*3?
3
Let c be 1 + 3/(-1) + 3. Suppose 0 = -5*z - q + 23, -q - c = 2*z - 4*q. What are the prime factors of z/10 - (-752)/20?
2, 19
Let a be ((-120)/(-18) + -4)/((-2)/(-9)). What are the prime factors of a/(-4)*171/(-3)?
3, 19
Let u = -722 - -1450. List the prime factors of u.
2, 7, 13
Suppose 3*m = -15*m + 2340. What are the prime factors of m?
2, 5, 13
Let b = 75 - 25. Let o be (b/(-4))/((-3)/24). Suppose -2*j + u + 47 = 0, 4*j + u - 5*u - o = 0. What are the prime factors of j?
2, 11
What are the prime factors of 29666/30 - 96/(-720)?
23, 43
Let b(m) = -2*m**3 - 7*m**2 - 6*m - 10. What are the prime factors of b(-5)?
5, 19
Suppose 3*k + k - 3516 = 0. List the prime factors of k.
3, 293
Let j be (-1)/(4/(-14)) - 33/22. Suppose -4*v = -p - 113, j*v + p = -2*p + 39. List the prime factors of v.
3
Let b(x) = -172*x - 130. What are the prime factors of b(-11)?
2, 881
Suppose 11*o + 8311 = 3*k + 9*o, 8309 = 3*k - 4*o. List the prime factors of k.
17, 163
Let d be 86 + (-3)/3 + 3. Suppose 4*x = -4*n + d, 4*n - 87 + 9 = -2*x. What are the prime factors of n?
17
Let g = -29 - -29. Let s(h) = 2*h**2 + h + 18. What are the prime factors of s(g)?
2, 3
Let y = -1 - 35. Let i = 174 + y. Let o = -90 + i. What are the prime factors of o?
2, 3
Suppose -5*f - 12 = -f. Let c be 3 - (-2)/6*f. Suppose -c*a + 100 = 2*a. What are the prime factors of a?
5
Let t = 978 + 158. What are the prime factors of t?
2, 71
Suppose -268*i = -262*i - 366. What are the prime factors of i?
61
Suppose 0 = 6*p - 3*p - 21. Let m be 12/14*1*21. What are the prime factors of m + (p + 2)/(-3)?
3, 5
Let i(f) = -94*f + 14. Let w(s) = 63*s - 9. Let y(d) = -5*i(d) - 8*w(d). Let p be y(-3). Suppose 4*l - 95 = q, -l = -5*l + 4*q + p. List the prime factors of l.
23
Let o(d) = d + 9. Let y = -22 + 15. Let z be o(y). Suppose -4 = -a, -w - w + z*a = -68. What are the prime factors of w?
2, 19
List the prime factors of 30128/(-4)*7/(-28).
7, 269
Suppose -2*c = -15 - 9. What are the prime factors of (-52)/c*36/(-6)?
2, 13
Suppose 4*o - 2*m - 778 = 0, 9*m - 5*m + 596 = 3*o. List the prime factors of o.
2, 3
Let c = 9 - -13. Suppose 0*r - 2*r + 12 = 4*p, -4*r - p = -3. Suppose r = -m + 4*j - 6, 4*j + 10 - c = 0. What are the prime factors of m?
2, 3
Let y(o) = o**3 + 7*o**2 - 8. Let v be y(-7). Let a = -3 - v. List the prime factors of a.
5
Let f(u) = -u**3 - u**2 - 2*u + 125. Let s be f(0). Suppose -h + 360 = s. List the prime factors of h.
5, 47
Suppose 923*d - 933*d + 27160 = 0. What are the prime factors of d?
2, 7, 97
Suppose -4*f = -159 + 611. Let n = -40 - f. What are the prime factors of n?
73
Suppose 6*r = 4*r - 24. Let m = r + 14. Suppose -j - 4*t + 5 = -51, j = -m*t + 54. What are the prime factors of j?
2, 13
Suppose 19*p = 21*p - 1948. What are the prime factors of p?
2, 487
Let o(r) = -r**3 - 8*r**2 + 24*r + 30. List the prime factors of o(-15).
3, 5, 83
Suppose 11*n + 0*n = 2189. List the prime factors of n.
199
Let u = 29 - 56. Let m be ((-90)/u)/((-2)/(-6)). Suppose m*c - 252 = 4*c. List the prime factors of c.
2, 3, 7
Let n(f) = -11*f + 215. What are the prime factors of n(-36)?
13, 47
Let d(x) = 33*x - 7. Let k(s) = 16*s - 4. Let y(b) = -2*d(b) + 5*k(b). Let a be y(5). Suppose 40 = 4*o - a. List the prime factors of o.
2, 13
Suppose -g = -2*g. Suppose 0*m + m - 3 = g. Suppose -m*v + 36 = -0*v. List the prime factors of v.
2, 3
Let q be 157 - 0*(-4)/(-8). Let u = q - 65. Let n = u - 44. What are the prime factors of n?
2, 3
Suppose -42*b = 15*b - 55005. What are the prime factors of b?
5, 193
Let q = -68 - -82. Suppose -q*j = -j - 767. List the prime factors of j.
59
Let z = -16 + 20. Suppose -z*n = -n + 6. List the prime factors of n*(-2 - (-4)/8).
3
Let q(l) = l**2 - 4*l - 2. Let j be q(5). Let f(v) = 15*v + j - 7*v + 2*v**2 - 5. What are the prime factors of f(-6)?
2, 11
Suppose 105 = -4*y - 127. Let b = -42 + 134. Let g = y + b. What are the prime factors of g?
2, 17
Let a(u) = 4*u**3 + 76*u**2 - 10*u - 34. What are the prime factors of a(-19)?
2, 3, 13
Let b(m) = 39*m**2 - m - 3. Let i be b(2). Let x = -95 + i. List the prime factors of x.
2, 7
Let f(c) = -c - 1. Let i(w) = -27*w - 19. Let q(y) = -2*f(y) + i(y). What are the prime factors of q(-3)?
2, 29
Let x(n) be the first derivative of -n**4/4 - n**3/3 - n**2/2 + 3*n - 1. Let h be x(0). Suppose -a = -31 - h. List the prime factors of a.
2, 17
Suppose -74*o = -72*o - 1830. What are the prime factors of o?
3, 5, 61
Suppose -4*c - 1635 = -383. What are the prime factors of c/(-5) - ((-24)/20)/3?
3, 7
Let t(h) = -2*h**3 - 10*h**2 + 6. List the prime factors of t(-9).
2, 3, 109
Suppose -2*g - 3*g = 3*r - 31, 4*r - 3*g + 7 = 0. Suppose -234 = -5*f - r*h + 275, -5*f + h + 518 = 0. Let y = f + -57. List the prime factors of y.
2, 23
Suppose 4*w - 7*w = 5*j - 673, 423 = 3*j - 3*w. Let a = 200 - j. List the prime factors of a.
3, 7
Let d(m) = 2*m - 4. Let s(y) = -3*y + 7. Let b(g) = -5*d(g) - 3*s(g). Let v be b(8). Let z = 15 + v. List the prime factors of z.
2, 3
Suppose -10*s + 18179 = -8401. List the prime factors of s.
2, 3, 443
Let m be (2/(-6))/((-3)/9). Let j = m - 6. What are the prime factors of (j + 4)*(0 - 5)?
5
Let r(z) = -136*z - 13. List the prime factors of r(-6).
11, 73
Suppose -h - 3036 = -12*h. List the prime factors of h.
2, 3, 23
Let b = 1292 + -588. What are the prime factors of b?
2, 11
Let m(n) = 11*n**2 + 14*n + 20. What are the prime factors of m(-6)?
2, 83
Let a = 23 + -117. Let o = 17 - a. What are the prime factors of o?
3, 37
Let m = 1101 + -755. List the prime factors of m.
2, 173
Suppose -2*s = 2*s, 0 = 4*x + s - 1020. Suppose 0 = 3*f - 4*i - 793, -4*f = -3*f + i - x. List the prime factors of f.
7, 37
Let f(m) = m**3 - 19*m**2 + 9*m + 44. Let p be f(19). Let u = 314 - p. What are the prime factors of u?
3, 11
Suppose 5*r + 3*w - 292 = 264, 0 = r + w - 112. Let p = r - -76. Suppose -4*y - p = -6*v + v, -2*v = 4*y - 80. List the prime factors of v.
2, 19
Let c(n) = 124*n + 46. List the prime factors of c(7).
2, 457
Suppose 4*t + 18 = 5*b - 99, -27 = t - 2*b. Let y = t + 45. List the prime factors of y.
2, 3
Suppose 2*s - 16 = -2*b, -3*b - 2*b = s - 24. Suppose b*y - 79 = -7. Let f = y + -1. What are the prime factors of f?
17
What are the prime factors of -4 + 13950/9 + (5 - 3)?
2, 3, 43
Let x = -9 + 9. Suppose -3*p - p + 72 = x. List the prime factors of p.
2, 3
Let g(y) = -y**2 + 19*y - 19. Suppose 3*l + 2 = 5*j + 7, 5*l = -j + 55. List the prime factors of g(l).
71
What are the prime factors of -1149*1/3*(-17 + 16)?
383
Let t = -10 - -13. Let i be t*6/7*7. Let z = 37 - i. What are the prime factors of z?
19
What are the prime factors of 2238/18*(-6)/(-1*2)?
373
Let h(f) = 1 + 0 - f**2 - f**3 - 2*f**2 - f + 0*f. Let m be h(-3). Suppose m*c + 0*c = k + 7, -8 = -2*c - 4*k. List the prime factors of c.
2
Let s(q) = -q**3 + 9*q**2 + 9*q + 10. Let z be s(10). Suppose z = -5*m - 0 + 5. What are the prime factors of (-1)/(m*(-4)/140)?
5, 7
Let q = -52 - -69. Suppose -q*h - 560 = -24*h. List the prime factors of h.
2, 5
Suppose -4*n + 11*p - 15*p + 2284 = 0, 0 = -5*p + 25. List the prime factors of n.
2, 283
Let g(b) = -b**2 + 1. Let z(v) = 6*v**2 + 3*v - 2. Let r(o) = 2*g(o) + z(o). Let d be r(-2). Let w = 36 - d. What are the prime factors of w?
2, 13
Let b = 1897 - 1104. Let x = b + -511. What are the prime factors of x?
2, 3, 47
Let n = 3506 + -2337. What are the prime factors of n?
7, 167
Let j be ((-6)/(-4))/((-2)/32). Let u = -2000 + 2078. Let t = u + j. List the prime factors of t.
2, 3
Let z(d) = -2 + d**2 + 1 + 0 - d. Let c(v) = -v**3 - 9*v**2 + 12*v + 3. Let f(a) = -c(a) - 4*z(a). What 